{"id":3242,"date":"2024-06-04T20:21:41","date_gmt":"2024-06-04T20:21:41","guid":{"rendered":"https:\/\/www.clinicarioblanco.cl\/?page_id=3242"},"modified":"2024-06-04T21:25:15","modified_gmt":"2024-06-04T21:25:15","slug":"scanner-y-resonancia","status":"publish","type":"page","link":"https:\/\/www.clinicarioblanco.cl\/?page_id=3242","title":{"rendered":"Imagenolog\u00eda"},"content":{"rendered":"<p>[et_pb_section fb_built=\u00bb1&#8243; _builder_version=\u00bb4.18.0&#8243; _module_preset=\u00bbdefault\u00bb background_color=\u00bbgcid-ea3780b4-edff-49eb-8a9d-bd9305f99ee1&#8243; da_disable_devices=\u00bboff|off|off\u00bb global_colors_info=\u00bb{%22gcid-ea3780b4-edff-49eb-8a9d-bd9305f99ee1%22:%91%22background_color%22%93}\u00bb da_is_popup=\u00bboff\u00bb da_exit_intent=\u00bboff\u00bb da_has_close=\u00bbon\u00bb da_alt_close=\u00bboff\u00bb da_dark_close=\u00bboff\u00bb da_not_modal=\u00bbon\u00bb da_is_singular=\u00bboff\u00bb da_with_loader=\u00bboff\u00bb da_has_shadow=\u00bbon\u00bb][et_pb_row _builder_version=\u00bb4.18.0&#8243; _module_preset=\u00bbdefault\u00bb global_colors_info=\u00bb{}\u00bb][et_pb_column type=\u00bb4_4&#8243; _builder_version=\u00bb4.18.0&#8243; _module_preset=\u00bbdefault\u00bb global_colors_info=\u00bb{}\u00bb][et_pb_text _builder_version=\u00bb4.18.0&#8243; _module_preset=\u00bbdefault\u00bb text_font=\u00bbPoppins||||||||\u00bb text_text_color=\u00bb#FFFFFF\u00bb text_font_size=\u00bb75px\u00bb hover_enabled=\u00bb0&#8243; global_colors_info=\u00bb{}\u00bb sticky_enabled=\u00bb0&#8243;]<\/p>\n<p>Scanner y Resonancia<\/p>\n<p>[\/et_pb_text][\/et_pb_column][\/et_pb_row][\/et_pb_section][et_pb_section fb_built=\u00bb1&#8243; _builder_version=\u00bb4.18.0&#8243; _module_preset=\u00bbdefault\u00bb da_disable_devices=\u00bboff|off|off\u00bb global_colors_info=\u00bb{}\u00bb da_is_popup=\u00bboff\u00bb da_exit_intent=\u00bboff\u00bb da_has_close=\u00bbon\u00bb da_alt_close=\u00bboff\u00bb da_dark_close=\u00bboff\u00bb da_not_modal=\u00bbon\u00bb da_is_singular=\u00bboff\u00bb da_with_loader=\u00bboff\u00bb da_has_shadow=\u00bbon\u00bb][et_pb_row _builder_version=\u00bb4.18.0&#8243; _module_preset=\u00bbdefault\u00bb global_colors_info=\u00bb{}\u00bb][et_pb_column type=\u00bb4_4&#8243; _builder_version=\u00bb4.18.0&#8243; _module_preset=\u00bbdefault\u00bb global_colors_info=\u00bb{}\u00bb][et_pb_text _builder_version=\u00bb4.18.0&#8243; _module_preset=\u00bbdefault\u00bb hover_enabled=\u00bb0&#8243; global_colors_info=\u00bb{}\u00bb sticky_enabled=\u00bb0&#8243;]<\/p>\n<p>La unidad de Scanner y Resonancia de Cl\u00ednica R\u00edo Blanco es una unidad de apoyo diagn\u00f3stico comprometida con brindar una atenci\u00f3n de calidad para ayudar en el diagn\u00f3stico oportuno de las patolog\u00edas de nuestros usuarios.<\/p>\n<p>En Scanner y Resonancia las prestaciones que realizamos se agrupan en:<\/p>\n<ul>\n<li>Neurol\u00f3gicas (Cerebro, Silla turca, \u00d3rbitas entre otras)<\/li>\n<li>Musculoesquel\u00e9ticas (Extremidades superiores y Extremidades Inferiores)<\/li>\n<li>Cuerpo (T\u00f3rax, Abdomen, pelvis, entre otras)<\/li>\n<\/ul>\n<p>\u00a0El horario de atenci\u00f3n para pacientes ambulatorios es de Lunes a Viernes 08:00 a 20:00 hrs horario continuado y S\u00e1bados de 09:30 a 12:30.<\/p>\n<p>La atenci\u00f3n de Urgencia est\u00e1 cubierta para realizaci\u00f3n de ex\u00e1menes las 24 horas del d\u00eda, durante todo el a\u00f1o. En horario inh\u00e1bil (Lunes a Viernes de 20:00 a 08:00 hrs, fines de semana y festivos la cobertura se realiza en modalidad de llamado)<\/p>\n<p><strong>Para solicitar hora o resolver dudas comun\u00edcate con nuestra mesa central 342590500 o al n\u00famero 342590684.<\/strong><\/p>\n<p>[\/et_pb_text][\/et_pb_column][\/et_pb_row][\/et_pb_section]<\/p>\n","protected":false},"excerpt":{"rendered":"<p>Scanner y ResonanciaLa unidad de Scanner y Resonancia de Cl\u00ednica R\u00edo Blanco es una unidad de apoyo diagn\u00f3stico comprometida con brindar una atenci\u00f3n de calidad para ayudar en el diagn\u00f3stico oportuno de las patolog\u00edas de nuestros usuarios. En Scanner y Resonancia las prestaciones que realizamos se agrupan en: Neurol\u00f3gicas (Cerebro, Silla turca, \u00d3rbitas entre otras) [&hellip;]<\/p>\n","protected":false},"author":4,"featured_media":0,"parent":0,"menu_order":2,"comment_status":"closed","ping_status":"closed","template":"","meta":{"_et_pb_use_builder":"on","_et_pb_old_content":"","_et_gb_content_width":""},"_links":{"self":[{"href":"https:\/\/www.clinicarioblanco.cl\/index.php?rest_route=\/wp\/v2\/pages\/3242"}],"collection":[{"href":"https:\/\/www.clinicarioblanco.cl\/index.php?rest_route=\/wp\/v2\/pages"}],"about":[{"href":"https:\/\/www.clinicarioblanco.cl\/index.php?rest_route=\/wp\/v2\/types\/page"}],"author":[{"embeddable":true,"href":"https:\/\/www.clinicarioblanco.cl\/index.php?rest_route=\/wp\/v2\/users\/4"}],"replies":[{"embeddable":true,"href":"https:\/\/www.clinicarioblanco.cl\/index.php?rest_route=%2Fwp%2Fv2%2Fcomments&post=3242"}],"version-history":[{"count":5,"href":"https:\/\/www.clinicarioblanco.cl\/index.php?rest_route=\/wp\/v2\/pages\/3242\/revisions"}],"predecessor-version":[{"id":3248,"href":"https:\/\/www.clinicarioblanco.cl\/index.php?rest_route=\/wp\/v2\/pages\/3242\/revisions\/3248"}],"wp:attachment":[{"href":"https:\/\/www.clinicarioblanco.cl\/index.php?rest_route=%2Fwp%2Fv2%2Fmedia&parent=3242"}],"curies":[{"name":"wp","href":"https:\/\/api.w.org\/{rel}","templated":true}]}}